 = 6*w**2 + 40*w + 16. Let i be 2 - (5 + -5 - -13). Let b(v) = i*f(v) + 2*g(v). Determine b(8).
-1
Let r(l) = 2*l**2 - l - 4. Let o(t) = t**2 + 3*t. Let j(u) = 4*o(u) - r(u). What is j(-6)?
-2
Let b(p) be the third derivative of -p**7/840 + p**6/180 - p**5/30 + p**4/24 - 11*p**3/3 - 23*p**2. Let u(g) be the first derivative of b(g). What is u(3)?
-20
Let s = -621 + 629. Let u(g) = -g**3 + 7*g**2 + 13*g - 11. Calculate u(s).
29
Let d(p) be the first derivative of 0*p**2 + 8 + 1/3*p**3 - 2*p. Let j = -2 - -4. Calculate d(j).
2
Let z be (-43)/7 + -4 + 35/245. Let x(p) = p**3 + 8*p**2 - 20*p + 5. What is x(z)?
5
Let s(r) = -r**3 - 7*r**2 - r + 8. Let a be s(-7). Let q be 35/a + 2/3. Let v(n) = -2*n**2 + 4*n - 1. Determine v(q).
-7
Let d(w) = 2*w - 11. Let n(o) = -o**3 + 15*o**2 - 39*o + 24. Let y be n(12). What is d(y)?
-35
Let z(c) = 3*c - 38. Let a(h) = -16*h + 197. Let o(k) = 2*a(k) + 11*z(k). What is o(16)?
-8
Suppose -r = r - 12. Suppose 20 = 4*m, 13 = -0*a - 3*a + 5*m. Let f(h) = a*h - 5*h + 0*h + h**2 - 6*h. What is f(r)?
-6
Let t(f) be the third derivative of f**4/6 + 2*f**3/3 - 3*f**2. Let b be 12/(-9*1/6) - -2. Give t(b).
-20
Let a(x) be the second derivative of -x**4/6 + 7*x**3/3 - x**2 - 2*x + 27. Determine a(7).
-2
Let k(g) = 8*g + 3. Let f = -184 - -179. Determine k(f).
-37
Let j(h) = -h**3 + 3*h**2 + 2*h - 1. Let g(n) = 8*n + 4. Let x be g(2). Suppose -5*u - 2 = -o + 2, -5*o = u - x. Let k = o + -1. Calculate j(k).
5
Let v(b) = -b - 11. Let m = 40 + -35. Suppose m*p + 39 - 14 = 0. Determine v(p).
-6
Let n(d) = 3*d + 5. Let h be n(0). Suppose 4*g + 6 = g + 3*k, -2*g - h*k + 10 = 0. Let x(l) = l**2 - l - 3. Calculate x(g).
-3
Let i be (5 - 0)/(-19 - -18). Let k(a) = 4*a - 2 + 2*a**2 + 2*a**2 - 3*a**2. Give k(i).
3
Let d(h) be the second derivative of h**5/20 + h**4/2 - h**3/3 - 7*h**2/2 + h. Suppose -140 + 104 = 6*v. Calculate d(v).
5
Let s(d) = -2*d**3 + 14*d**2 + 9*d + 48. Let p be s(8). Let j(b) = b**3 + 7*b**2 - 6*b + 12. What is j(p)?
-4
Let r(x) = x**2 - 34*x + 253. Let w be r(11). Let l(i) = i**3 - i**2 - 2*i + 7. Give l(w).
7
Let m(r) = -2*r + 2. Let q be m(0). Let t(s) = -15*s**q - 7*s**2 + 33*s**2 - 2*s**2. Calculate t(1).
9
Suppose 0 = -5*h - 5*o - 55, 0*h - o - 17 = 2*h. Let z(x) = x**3 + 5*x**2 - 7*x - 6. Calculate z(h).
0
Let q(v) = 6*v - 4. Let g be (-18)/(-4) + (-10 - 95/(-10)). Let b(a) = 2*a - 1. Let x(f) = g*q(f) - 11*b(f). Calculate x(6).
7
Let j(g) = -2*g - 6. Let q(d) = 4*d + 15. Let v(u) = -10*j(u) - 4*q(u). What is v(-1)?
-4
Let k(p) = p**2 - 6*p - 1. Let n(x) = 49*x**2 + 4*x + 3. Let s be n(-1). Let c = -43 + s. Calculate k(c).
-6
Let s(z) = -z**2. Let u be 3/(12/3 + -3). Suppose u*g + 11 = 2*g. Let r(h) = h + 9. Let d be r(g). Give s(d).
-4
Let c(u) = u**3 - 7*u**2 + u + 10. Let m be c(6). Let w = m + 24. Let k(q) = 3*q. Determine k(w).
12
Let z = 73 - 71. Let d(f) = -1 + z - 1 + 8*f - f**2. Suppose -1 + 3 = y + 5*w, 4*w = 3*y - 25. Calculate d(y).
7
Let i = -2 + 0. Let p(x) = 9*x**2 - 7*x - 5. Let m(h) = -16*h**2 + 11*h + 9. Let g(t) = 3*m(t) + 5*p(t). Calculate g(i).
-6
Let q(g) be the second derivative of 5*g**4/12 + 7*g**3/6 + 14*g. Let o(x) = x**2 - x. Let i(m) = 6*o(m) + q(m). Suppose 6*r + 5 = r. Calculate i(r).
10
Let d be 0*(2/4 - 0). Suppose d*z = -5*z + 35. Suppose -4*q + 2*u = -7*q + z, 0 = -5*q - 2*u + 5. Let s(x) = -5*x + 1. Calculate s(q).
6
Let t(y) = 5*y**2 + 81*y - 64. Let q be t(-17). Let r(k) = 8*k - 11. Let m(x) = -33*x + 45. Let s(h) = 5*m(h) + 21*r(h). Give s(q).
6
Let p(y) = -2*y**3 - 29*y**2 - 18*y + 30. Let h(k) = -k**3 - 14*k**2 - 9*k + 14. Let x(l) = -9*h(l) + 4*p(l). What is x(-9)?
-6
Suppose -9*l + 6*l - 12 = 0. Let c be l/10 + 148/20. Let y(i) = -i**3 + 8*i**2 - 5*i - 7. Give y(c).
7
Let o(m) = 2*m**2 - 2*m - 2. Let p = -53 - -4. Let x = p + 52. Calculate o(x).
10
Let d(a) = a**2 + 4*a - 6. Let j be 85/1 - (2 + -2). Suppose j = 4*t + t. Let x = t + -22. Give d(x).
-1
Let u(v) = -v**3 + 2*v - 3. Suppose -3*n + 22 = -4*q, 0 = 2*n - q - 0*q - 8. Determine u(n).
-7
Let t(a) = 6*a + 3*a**2 - 4*a**2 - 3*a - 4 + 6*a**2. Let z be t(1). Let k(c) = c**2 - 5*c + 2. Calculate k(z).
-2
Let y be 6 + (1 + -1)/(-1). Let a(c) = -6*c**2 - 4*c + 1 + 32 - c**3 + 4*c**3 - 26 - 2*c**3. Determine a(y).
-17
Let j(w) = -7*w - 6 - 12*w**2 + 9*w**2 + 6*w**2 + w**3 + 0*w**3. Give j(-5).
-21
Let v(o) be the second derivative of -o**3/2 - 21*o**2/2 - 632*o. Give v(-16).
27
Let a(g) = -g**2. Let t(k) = 8*k**2 + 5*k - 25. Let r(b) = 7*b**2 + 5*b - 25. Let x(p) = -7*r(p) + 6*t(p). Let v be x(-8). Calculate a(v).
-1
Let x(f) = 4*f**3 - 5*f**3 + 0*f**3 - 5 + 5*f**2 - 4*f. Let q be 11 - ((-5)/20)/((-1)/28). What is x(q)?
-5
Let t(i) = 2*i. Let p = 47 - 49. Let s be p/(-4) + (-6)/(-12). Calculate t(s).
2
Let t(c) = c + 1. Let i be t(0). Let f = i - -3. Let d(h) = -h**3 + 5*h**2 - 5*h + 6. Let b be d(f). Let u(q) = -q**2 + 2*q - 1. Give u(b).
-1
Let p(s) = 2*s + 21. Let g = 7 + -20. Let f be p(g). Let y(d) = d**3 + 4*d**2 - 4*d + 2. What is y(f)?
-3
Let o(f) = -f**3 + 7*f**2 - 6*f + 6. Suppose 5*u = 757 + 778. Suppose u = -5*n + 3*h, 2*h - 252 = 4*n + 6*h. Let r be (-2)/10 + n/(-10). Give o(r).
6
Let n(r) = -661*r + 666*r + 7 + 7. What is n(-10)?
-36
Let o(d) be the first derivative of -3/2*d**2 + 3*d + 3 + 1/3*d**3. Let k(z) = 6*z**3 - 6*z**2 + 6*z - 2. Let h be k(1). Determine o(h).
7
Let u(p) be the second derivative of -3*p**3/2 - p**2/2 + 55*p. What is u(-4)?
35
Let l(o) = o**2 - 2*o + 5. Let y(d) = 2*d**2 + 20*d - 6. Let g be y(-10). Let q(z) = -z**3 - 5*z**2 + 6*z + 5. Let p be q(g). Calculate l(p).
20
Let v(s) = s - 4. Let d be (9/18)/(1/10). Suppose 5*b + 5*g - 1 = 14, -d*g = b - 3. Let h be (b/3)/((-2)/(-6)). Calculate v(h).
-1
Let q = -4 - -5. Suppose -4*j + 2*t - t + 11 = 0, 4*j - 2 = -2*t. Let w(i) = q - 2*i**j + 0*i + 2*i + 9*i**2 + 0*i. Determine w(-1).
6
Let b(l) = 10*l - 6 - 32*l + 9*l + 5 + l**2 + 10. What is b(12)?
-3
Suppose 2 = -s + 5. Suppose -s*c = -13 - 5. Let l(f) be the first derivative of f**4/4 - 5*f**3/3 - 7*f**2/2 + 6*f + 19. What is l(c)?
0
Let a(w) = w**3 + 2*w**2 - 3*w + 2. Suppose -4 = z + 2*p, 4*p + 13 = -z + 5*p. Let x be 15/z - 12/8. Give a(x).
2
Let i(p) = -2*p**3 + 3*p**2 - p - 4. Let q(b) = 1. Let s(m) = i(m) + q(m). Determine s(2).
-9
Suppose -3*w + 4*u - 31 = 0, -4*w + 5*u - 40 = u. Let o(z) = -z**3 - 10*z**2 - 8*z + 2. Determine o(w).
-7
Let k(o) = -8*o**2 - 6*o - 2. Let a(g) = 9*g**2 + 7*g + 3. Let z(t) = 4*a(t) + 5*k(t). Let l be 4/6 - 48/18. Calculate z(l).
-10
Let b(k) = -k. Suppose -202 = 2*s + 8. Let x = -110 - s. What is b(x)?
5
Let a(j) = -j**3 + 4*j**2 + 7*j - 1. Let b(f) = -2. Let m(r) = -1. Let v(p) = 3*b(p) - 5*m(p). Let u(z) = -a(z) - 3*v(z). Give u(5).
-6
Let g be 0 + -5 - (-11)/2. Let t(k) be the second derivative of 5*k + k**2 + g*k**3 + 0. What is t(3)?
11
Let v(g) = -6*g + 5. Let q = -667 + 669. Calculate v(q).
-7
Suppose 0*t + 2*t - 4 = 3*f, -4*t + f = -8. Suppose 0*m - 4*o = 3*m - 20, 0 = -4*m - o + 18. Suppose b - t*b = m. Let d(z) = -z**2 - 7*z - 5. What is d(b)?
7
Let p(z) be the first derivative of -1/3*z**3 - 4*z + 2*z**2 - 4. Let l(h) = -3*h - 12. Let d be l(-5). Give p(d).
-1
Let v(n) = n**3 + 5*n**2 - 5*n - 2. Let r = -259 + 254. What is v(r)?
23
Let i(y) = 24*y - 44*y - 16 + 21*y. What is i(12)?
-4
Suppose 4*v = 10*c - 12*c + 34, v - 16 = 2*c. Let b(k) = k**3 - 10*k**2 + k. What is b(v)?
10
Let a = 5 - 0. Suppose 0 = a*k - 4 + 19. Let r(t) = t**2 + 5*t + 3. Let x(p) = 2*p**2 + 9*p + 5. Let w(q) = -5*r(q) + 3*x(q). Determine w(k).
3
Suppose -5*c - 44 = 31. Let v = -13 - c. Let h(r) = -v + r + 5*r + 1 + 6*r. Give h(-1).
-13
Let g(p) = -p + 4. Suppose 0 = 2*w - 20 + 2. Let s(x) = -x + 12. Let i be s(w). Calculate g(i).
1
Suppose -4*z = -5*q + 25 - 7, -5*q = -3*z - 16. Let y(x) = x - 1. Let c(g) = g**2 + g + 4. Let a(u) = c(u) + y(u). Give a(z).
3
Let q be 393*((-80)/(-15) - 5). Let m = -133 + q. Let s(l) be the third derivative of -l**6/120 + l**5/60 + l**4/12 - l**2. Determine s(m).
8
Suppose 2*g = -2*a - 6, -2*a + 4*a = 5*g + 29. Suppose 3 = 5*m - a. Let t(h) = m + h**2 - 2*h - 5*h - 5 + 6*h. Determine t(0).
-4
Suppose -7 = -q + 3*g, -21 = -q - 3*q + 5*g. Let o(c) = 4*c + q - 4*c - c. Suppose -49*r + 48*r - 3 = 0. Calculate o(r).
7
Let p = -